{"id":33,"date":"2025-09-22T18:09:12","date_gmt":"2025-09-22T16:09:12","guid":{"rendered":"https:\/\/game-isb.freeboxos.fr\/?page_id=33"},"modified":"2025-09-22T18:09:12","modified_gmt":"2025-09-22T16:09:12","slug":"installation-de-debian-13-comme-serveur","status":"publish","type":"page","link":"https:\/\/game-isb.freeboxos.fr\/?page_id=33","title":{"rendered":"Installation de Debian 13 comme serveur"},"content":{"rendered":"\n<p>Pour faire fonctionne mon portfolio, j&rsquo;ai fait une installation en local sur une petit machine pour faire tourn\u00e9 WordPress avec comme OS Debian 13, je vais vous pr\u00e9sent\u00e9 la machine en question et aussi l&rsquo;installation de Debian sur cette machine ( les captures d&rsquo;\u00e9cran sont faite dans une VM sur ma machine principal)<\/p>\n\n\n\n<p>La petite machine :<\/p>\n\n\n\n<blockquote class=\"wp-block-quote is-layout-flow wp-block-quote-is-layout-flow\">\n<p>Bo\u00eetier : Bo\u00eetier rackable 1U install\u00e9 dans une baie de brassage<\/p>\n\n\n\n<p>Alimentation : Flex 200W 80 Plus<\/p>\n\n\n\n<p>Carte m\u00e8re : Intel H61IDL mini-ITX<\/p>\n\n\n\n<p>Processeur : Pentium G645<\/p>\n\n\n\n<p>Refroidissement : Akasa AK-CC7122BP01 (hauteur 26 mm)<\/p>\n\n\n\n<p>RAM : 8 Go DDR3 G.Skill<\/p>\n\n\n\n<p>Stockage : SSD PNY 120 Go (neuf)<\/p>\n<\/blockquote>\n\n\n\n<p>Voila pour la configuration exacte de la machine serveur, elle tourne depuis 2021 et avec une autre fonction juste avant, elle \u00e9tait avec Debian 12 et ex\u00e9cut\u00e9 NextCloud.<\/p>\n\n\n\n<p>Je vais vous pr\u00e9sent\u00e9 l&rsquo;installation de Debian 13 sur cette machine et vous montr\u00e9 les configuration de base.<\/p>\n\n\n\n<p>Premier chose \u00e0 faire, ce t\u00e9l\u00e9charg\u00e9 l&rsquo;image ISO de Debian 13, on va donc tous naturellement sur le site de Debian <a href=\"https:\/\/www.debian.org\/\">https:\/\/www.debian.org\/<\/a> , lorsque je fait ce petit tuto, la page ressemble \u00e0 cela :<\/p>\n\n\n\n<figure class=\"wp-block-image size-full\"><img loading=\"lazy\" decoding=\"async\" width=\"1919\" height=\"1077\" src=\"https:\/\/game-isb.freeboxos.fr\/wp-content\/uploads\/2025\/09\/Capture-decran-2025-09-22-150514.jpg\" alt=\"\" class=\"wp-image-35\"\/><\/figure>\n\n\n\n<p>On clique sur T\u00e9l\u00e9chargement et on obtiens le fichier ISO, la dernier version de l&rsquo;installation par r\u00e9seau pour moi ce le fichier debian-13.1.0-amd64-netinst.iso, lorsque je parle d&rsquo;installation r\u00e9seau, je veux dire qu&rsquo;il faut une connexion internet pour install\u00e9 Debian, mais il existe d&rsquo;autre version, sois en CD, en DVD ou encore Blu-ray, mais ce des version multi iso et il faut par exemple compt\u00e9 28 DVD pour avoir une version compl\u00e9tement installable par DVD, alors la solution netinst et le plus utilis\u00e9, pour information, on peut cr\u00e9er un d\u00e9p\u00f4t local pour l&rsquo;installation de Debian, pour \u00e9vit\u00e9 d&rsquo;avoir \u00e0 utilis\u00e9 Internet, mais cela n&rsquo;ai pas utile dans notre utilisation actuelle.<br><br>Pour commenc\u00e9, plusieurs solution pour install\u00e9 Debian, sois grav\u00e9 un CD ou DVD, pass\u00e9 par le r\u00e9seau avec un syst\u00e8me ce boot par PXE ou cr\u00e9er un cl\u00e9 USB avec ISO, je suis pass\u00e9 par le cl\u00e9 USB avec Ventoy, mais j&rsquo;aurais peu faire avec Rufus pour n&rsquo;avoir que installation de Debian, je ne vais pas rentr\u00e9e en d\u00e9taille sur le cr\u00e9ation de cl\u00e9 USB.<br><br>Je rappel que le SSD est neuf, jamais install\u00e9, il n&rsquo;a donc pas de partition, c&rsquo;est une bonne base pour une installation propre.<\/p>\n\n\n\n<h2 class=\"wp-block-heading\">Installation de Debian 13<\/h2>\n\n\n\n<p>Juste apr\u00e8s le boot que je s\u00e9lection le type d&rsquo;installation \u00e0 fait<\/p>\n\n\n\n<figure class=\"wp-block-image size-full\"><img loading=\"lazy\" decoding=\"async\" width=\"636\" height=\"476\" src=\"https:\/\/game-isb.freeboxos.fr\/wp-content\/uploads\/2025\/09\/Capture-decran-2025-09-22-152422.png\" alt=\"\" class=\"wp-image-60\"\/><\/figure>\n\n\n\n<p>On peux prendre cela que l&rsquo;on veux, pour ma part, lorsque j&rsquo;installe une serveur, je passe \u00e0 une installation simple, pas une version graphique, mais vous pouvez pass\u00e9 avec une version graphique aussi, mais il y a quelque petit chose qui sont diff\u00e9rente, j&rsquo;en parlerais lorsqu&rsquo;ils seront diff\u00e9rente, je passe donc \u00e0 l&rsquo;installation<\/p>\n\n\n\n<figure class=\"wp-block-image size-full\"><img loading=\"lazy\" decoding=\"async\" width=\"799\" height=\"596\" src=\"https:\/\/game-isb.freeboxos.fr\/wp-content\/uploads\/2025\/09\/Langue.jpg\" alt=\"\" class=\"wp-image-40\"\/><\/figure>\n\n\n\n<p>La premier chose \u00e0 faire est de s\u00e9lectionn\u00e9 la langue \u00e0 utilis\u00e9 avec le syst\u00e8me, je prend donc French &#8211; Fran\u00e7ais, m\u00eame si on ne le vois pas ici<\/p>\n\n\n\n<figure class=\"wp-block-image size-full\"><img loading=\"lazy\" decoding=\"async\" width=\"796\" height=\"600\" src=\"https:\/\/game-isb.freeboxos.fr\/wp-content\/uploads\/2025\/09\/region.jpg\" alt=\"\" class=\"wp-image-51\"\/><\/figure>\n\n\n\n<p>Ensuite, la r\u00e9gion, ce la paye exacte, car il y a des diff\u00e9rence entre le Fran\u00e7ais parl\u00e9 en France et au Canada ou en Belgique par exemple<\/p>\n\n\n\n<figure class=\"wp-block-image size-full\"><img loading=\"lazy\" decoding=\"async\" width=\"795\" height=\"595\" src=\"https:\/\/game-isb.freeboxos.fr\/wp-content\/uploads\/2025\/09\/Clavier.jpg\" alt=\"\" class=\"wp-image-61\"\/><\/figure>\n\n\n\n<p>On s\u00e9lectionne le clavier, l\u00e0 encore, il y a des diff\u00e9rance entre les clavier utilis\u00e9 pour le Fran\u00e7ais, mais ce plus une question de placement que de r\u00e9el grand changement, comme pour les clavier QWERTY par exemple ou Allemand ou autre.<\/p>\n\n\n\n<p>L&rsquo;installation demand\u00e9 une adresse IP au DHCP et quelque petit autre chose, si cette \u00e9tape \u00e9choues, pas de probl\u00e8me, on peut configur\u00e9 manuellement l&rsquo;adressage IP, elle reste m\u00eame apr\u00e8s l&rsquo;installation de Debian, mais je n&rsquo;ai pas eu ce probl\u00e8me et pour le moment ce n&rsquo;ai pas une question utile \u00e0 r\u00e9soudre, mais cela \u00e9vite aussi de configur\u00e9 plus tard l&rsquo;adresse IP<\/p>\n\n\n\n<figure class=\"wp-block-image size-full\"><img loading=\"lazy\" decoding=\"async\" width=\"795\" height=\"599\" src=\"https:\/\/game-isb.freeboxos.fr\/wp-content\/uploads\/2025\/09\/Nom-de-machine.jpg\" alt=\"\" class=\"wp-image-45\"\/><\/figure>\n\n\n\n<figure class=\"wp-block-image size-full\"><img loading=\"lazy\" decoding=\"async\" width=\"795\" height=\"598\" src=\"https:\/\/game-isb.freeboxos.fr\/wp-content\/uploads\/2025\/09\/Nom-de-machine-1.jpg\" alt=\"\" class=\"wp-image-46\"\/><\/figure>\n\n\n\n<p>L\u00e0 on vous demande le nom pour la machine, pour faire le plus simple personnellement, je mes la fonction, SVR pour serveur, puis OS Deb pour Debian et enfin quelle fonction exacte WP pour WordPress<\/p>\n\n\n\n<figure class=\"wp-block-image size-full\"><img loading=\"lazy\" decoding=\"async\" width=\"796\" height=\"598\" src=\"https:\/\/game-isb.freeboxos.fr\/wp-content\/uploads\/2025\/09\/Capture-decran-2025-09-22-150514-1.jpg\" alt=\"\" class=\"wp-image-59\"\/><\/figure>\n\n\n\n<p>On vous demande le nom de domaine, la plus par du temps, je n&rsquo;en mes pas, mais cela d\u00e9pend des entreprises et des infrastructure r\u00e9seau<\/p>\n\n\n\n<figure class=\"wp-block-image size-full\"><img loading=\"lazy\" decoding=\"async\" width=\"795\" height=\"598\" src=\"https:\/\/game-isb.freeboxos.fr\/wp-content\/uploads\/2025\/09\/Mdp-Root.jpg\" alt=\"\" class=\"wp-image-42\"\/><\/figure>\n\n\n\n<p>Le mod de passe root et sur le page d&rsquo;apr\u00e8s, on vous demande de le confirm\u00e9, en version graphique, ce les 2 sur le m\u00eame page<\/p>\n\n\n\n<figure class=\"wp-block-image size-full\"><img loading=\"lazy\" decoding=\"async\" width=\"796\" height=\"599\" src=\"https:\/\/game-isb.freeboxos.fr\/wp-content\/uploads\/2025\/09\/Utilisateur.jpg\" alt=\"\" class=\"wp-image-58\"\/><\/figure>\n\n\n\n<p>On demande un nom d&rsquo;utilisateur pour ne pas utilis\u00e9 root, on peut mettre que l&rsquo;on veux, personnellement, pour mon utilisation, ce Florent tous simplement, mais il est tr\u00e8s peut utilis\u00e9 de toute fa\u00e7on, <\/p>\n\n\n\n<figure class=\"wp-block-image size-full\"><img loading=\"lazy\" decoding=\"async\" width=\"794\" height=\"599\" src=\"https:\/\/game-isb.freeboxos.fr\/wp-content\/uploads\/2025\/09\/Mdp-User.jpg\" alt=\"\" class=\"wp-image-43\"\/><\/figure>\n\n\n\n<p>Comme pour le root, il faut un mot de passe et comme pour le root en mode graphique, tous est sur une page et en mot installation sur 2 page.<\/p>\n\n\n\n<figure class=\"wp-block-image size-full\"><img loading=\"lazy\" decoding=\"async\" width=\"795\" height=\"601\" src=\"https:\/\/game-isb.freeboxos.fr\/wp-content\/uploads\/2025\/09\/Partition.jpg\" alt=\"\" class=\"wp-image-50\"\/><\/figure>\n\n\n\n<p>On va pouvoir s\u00e9lectionn\u00e9 la m\u00e9thode de partitionnement, je ne chiffre pas le plus par tu temps et j&rsquo;utilise un disque entier<\/p>\n\n\n\n<figure class=\"wp-block-image size-full\"><img loading=\"lazy\" decoding=\"async\" width=\"797\" height=\"597\" src=\"https:\/\/game-isb.freeboxos.fr\/wp-content\/uploads\/2025\/09\/Disque.jpg\" alt=\"\" class=\"wp-image-66\"\/><\/figure>\n\n\n\n<p>S\u00e9lection du disque, pour l&rsquo;exemple et dans la machine r\u00e9el, je n&rsquo;ai que un disque, je s\u00e9lection donc le seul disque, mais on pourrais faire bien plus avec des disques en miroir ou en extension, mais l\u00e0, ce un petit serveur qui ne prend pas des masse de place et qui n&rsquo;ai pas vital, alors un disque simple suffi<\/p>\n\n\n\n<figure class=\"wp-block-image size-full\"><img loading=\"lazy\" decoding=\"async\" width=\"795\" height=\"598\" src=\"https:\/\/game-isb.freeboxos.fr\/wp-content\/uploads\/2025\/09\/ModelePartitoon.jpg\" alt=\"\" class=\"wp-image-44\"\/><\/figure>\n\n\n\n<p>Dans le partitionnement automatique de Debian, il y a plusieurs mod\u00e8les, par d\u00e9fait, je prend le version de base, mais des nouveaut\u00e9 sont arriv\u00e9 avec le version 13 de Debian, le \/var et \/srv s\u00e9par\u00e9e, swap &lt; 1 Go ( pour serveurs) et le Sch\u00e9ma de partitionnement des petits disque (&lt;10 Go), mais je n&rsquo;ai pas test\u00e9 cela, il faudra que je vois plus tard, mais je reviendrai surement dessus pour la veille technologique<\/p>\n\n\n\n<figure class=\"wp-block-image size-full\"><img loading=\"lazy\" decoding=\"async\" width=\"795\" height=\"599\" src=\"https:\/\/game-isb.freeboxos.fr\/wp-content\/uploads\/2025\/09\/FinalPart.jpg\" alt=\"\" class=\"wp-image-67\"\/><\/figure>\n\n\n\n<p>Le sch\u00e9ma appliqu\u00e9 au disque, une auto partitionnement, la partition principal faire bien tous le disque et le swap est une partition de cache<\/p>\n\n\n\n<figure class=\"wp-block-image size-full\"><img loading=\"lazy\" decoding=\"async\" width=\"799\" height=\"599\" src=\"https:\/\/game-isb.freeboxos.fr\/wp-content\/uploads\/2025\/09\/ConfPart.jpg\" alt=\"\" class=\"wp-image-62\"\/><\/figure>\n\n\n\n<figure class=\"wp-block-image size-full\"><img loading=\"lazy\" decoding=\"async\" width=\"799\" height=\"600\" src=\"https:\/\/game-isb.freeboxos.fr\/wp-content\/uploads\/2025\/09\/CreaPart.jpg\" alt=\"\" class=\"wp-image-64\"\/><\/figure>\n\n\n\n<p>Il faut confirm\u00e9 le partitionnement, pour cr\u00e9er les partition et \u00e9vit\u00e9 de format\u00e9 un disque non voulu, suite \u00e0 la l&rsquo;installation format le syst\u00e8me et d\u00e9marre l&rsquo;installation des fich\u00e9 de base du syst\u00e8me<\/p>\n\n\n\n<figure class=\"wp-block-image size-full\"><img loading=\"lazy\" decoding=\"async\" width=\"794\" height=\"598\" src=\"https:\/\/game-isb.freeboxos.fr\/wp-content\/uploads\/2025\/09\/Support.jpg\" alt=\"\" class=\"wp-image-55\"\/><\/figure>\n\n\n\n<p>Installation demande si d&rsquo;autre support sont disponible, les supports sont des autre DVD par exemple, comme on passe par le version netinst, on dis simplement non<\/p>\n\n\n\n<figure class=\"wp-block-image size-full\"><img loading=\"lazy\" decoding=\"async\" width=\"795\" height=\"599\" src=\"https:\/\/game-isb.freeboxos.fr\/wp-content\/uploads\/2025\/09\/SelectDepot.jpg\" alt=\"\" class=\"wp-image-53\"\/><\/figure>\n\n\n\n<figure class=\"wp-block-image size-full\"><img loading=\"lazy\" decoding=\"async\" width=\"797\" height=\"601\" src=\"https:\/\/game-isb.freeboxos.fr\/wp-content\/uploads\/2025\/09\/Depot.jpg\" alt=\"\" class=\"wp-image-65\"\/><\/figure>\n\n\n\n<figure class=\"wp-block-image size-full\"><img loading=\"lazy\" decoding=\"async\" width=\"795\" height=\"598\" src=\"https:\/\/game-isb.freeboxos.fr\/wp-content\/uploads\/2025\/09\/ParaWAN.jpg\" alt=\"\" class=\"wp-image-49\"\/><\/figure>\n\n\n\n<p>On s\u00e9lection de quelle pays les parquets seront t\u00e9l\u00e9charg\u00e9, ensuite de quelle miroir, cela veux dis depuis quelle site le t\u00e9l\u00e9chargement ce fera et si il y a des autre param\u00e8tre pour le connexion au serveur de d\u00e9p\u00f4t.<\/p>\n\n\n\n<figure class=\"wp-block-image size-full\"><img loading=\"lazy\" decoding=\"async\" width=\"798\" height=\"599\" src=\"https:\/\/game-isb.freeboxos.fr\/wp-content\/uploads\/2025\/09\/outilAPTbase.jpg\" alt=\"\" class=\"wp-image-47\"\/><\/figure>\n\n\n\n<p>Installation des outil APT, pour l&rsquo;installation de paquets<\/p>\n\n\n\n<figure class=\"wp-block-image size-full\"><img loading=\"lazy\" decoding=\"async\" width=\"795\" height=\"597\" src=\"https:\/\/game-isb.freeboxos.fr\/wp-content\/uploads\/2025\/09\/PaquUti.jpg\" alt=\"\" class=\"wp-image-48\"\/><\/figure>\n\n\n\n<p>C&rsquo;est une question pour savoir quelles sont les plaque les plus utilis\u00e9 pour que Debian les places dans le CD principale d&rsquo;installation de Debian, je r\u00e9ponds non, mais vous fait comme vous voulez<\/p>\n\n\n\n<figure class=\"wp-block-image size-full\"><img loading=\"lazy\" decoding=\"async\" width=\"798\" height=\"600\" src=\"https:\/\/game-isb.freeboxos.fr\/wp-content\/uploads\/2025\/09\/SelectInst.jpg\" alt=\"\" class=\"wp-image-54\"\/><\/figure>\n\n\n\n<figure class=\"wp-block-image size-full\"><img loading=\"lazy\" decoding=\"async\" width=\"798\" height=\"598\" src=\"https:\/\/game-isb.freeboxos.fr\/wp-content\/uploads\/2025\/09\/InstMini.jpg\" alt=\"\" class=\"wp-image-39\"\/><\/figure>\n\n\n\n<p>Ce 2 images montre la version par d\u00e9faut l&rsquo;installation des paquets avec une interface graphique et celui que je faire pour install\u00e9 une version serveur, donc un mini ave que les utilitaires de base de Debian et le serveur SSH pour faire de la configuration \u00e0 distance<\/p>\n\n\n\n<figure class=\"wp-block-image size-full\"><img loading=\"lazy\" decoding=\"async\" width=\"799\" height=\"599\" src=\"https:\/\/game-isb.freeboxos.fr\/wp-content\/uploads\/2025\/09\/Telepaque.jpg\" alt=\"\" class=\"wp-image-56\"\/><\/figure>\n\n\n\n<p>T\u00e9l\u00e9chargement et installation des paquets demand\u00e9<\/p>\n\n\n\n<figure class=\"wp-block-image size-full\"><img loading=\"lazy\" decoding=\"async\" width=\"797\" height=\"599\" src=\"https:\/\/game-isb.freeboxos.fr\/wp-content\/uploads\/2025\/09\/GRUB.jpg\" alt=\"\" class=\"wp-image-37\"\/><\/figure>\n\n\n\n<p>Suite \u00e0 cela, Debian demande pour install\u00e9 le loader GRUB, ce un gestionnaire de d\u00e9marrage, si jamais plusieurs syst\u00e8me sont install\u00e9 sur la m\u00eame machine.<\/p>\n\n\n\n<figure class=\"wp-block-image size-full\"><img loading=\"lazy\" decoding=\"async\" width=\"794\" height=\"602\" src=\"https:\/\/game-isb.freeboxos.fr\/wp-content\/uploads\/2025\/09\/SelDisque.jpg\" alt=\"\" class=\"wp-image-52\"\/><\/figure>\n\n\n\n<p>On s\u00e9lectionne le disque sur le quelle plac\u00e9 GRUB et on l&rsquo;installe simplement<\/p>\n\n\n\n<figure class=\"wp-block-image size-full\"><img loading=\"lazy\" decoding=\"async\" width=\"800\" height=\"599\" src=\"https:\/\/game-isb.freeboxos.fr\/wp-content\/uploads\/2025\/09\/Fininst.jpg\" alt=\"\" class=\"wp-image-68\"\/><\/figure>\n\n\n\n<p>Le syst\u00e8me est \u00e0 pr\u00e9sent install\u00e9, il faut encore red\u00e9marr\u00e9<\/p>\n\n\n\n<figure class=\"wp-block-image size-full\"><img loading=\"lazy\" decoding=\"async\" width=\"1277\" height=\"797\" src=\"https:\/\/game-isb.freeboxos.fr\/wp-content\/uploads\/2025\/09\/Login.jpg\" alt=\"\" class=\"wp-image-41\"\/><\/figure>\n\n\n\n<figure class=\"wp-block-image size-full\"><img loading=\"lazy\" decoding=\"async\" width=\"1280\" height=\"799\" src=\"https:\/\/game-isb.freeboxos.fr\/wp-content\/uploads\/2025\/09\/Connecte.jpg\" alt=\"\" class=\"wp-image-63\"\/><\/figure>\n\n\n\n<p>Le premier \u00e9cran, on vous demande de vous logez, l&rsquo;interface utilisateur en ligne de comment sur la deuxi\u00e8me images<\/p>\n\n\n\n<figure class=\"wp-block-image size-full\"><img loading=\"lazy\" decoding=\"async\" width=\"1276\" height=\"798\" src=\"https:\/\/game-isb.freeboxos.fr\/wp-content\/uploads\/2025\/09\/InstalSUDO.jpg\" alt=\"\" class=\"wp-image-38\"\/><\/figure>\n\n\n\n<p>Comme je me suis connect\u00e9 en Florent, je ne suis pas admin du poste et je ne peux rien install\u00e9, une solution pour cela ce connect\u00e9 en root, mais je ne me connecte presque jamais en root pour des raisons de s\u00e9curit\u00e9, je passe donc par la comme :<\/p>\n\n\n\n<blockquote class=\"wp-block-quote is-layout-flow wp-block-quote-is-layout-flow\">\n<p>su<\/p>\n<\/blockquote>\n\n\n\n<p>Une fois le mot de passe root entr\u00e9, je peux install\u00e9 les applications que je veux, j&rsquo;installe donc l&rsquo;application sudo avec le commande :<\/p>\n\n\n\n<blockquote class=\"wp-block-quote is-layout-flow wp-block-quote-is-layout-flow\">\n<p>apt install sudo -y<\/p>\n<\/blockquote>\n\n\n\n<p>Une fois install\u00e9, il faut que l&rsquo;utilisateur voulu passe dans le groupe sudo, plusieurs solution, comme je pr\u00e9f\u00e8re le rentr\u00e9 dans le fichier sudoer que l&rsquo;on \u00e9dite avec le commende :<\/p>\n\n\n\n<blockquote class=\"wp-block-quote is-layout-flow wp-block-quote-is-layout-flow\">\n<p>nano \/etc\/sudoers<\/p>\n<\/blockquote>\n\n\n\n<figure class=\"wp-block-image size-full\"><img loading=\"lazy\" decoding=\"async\" width=\"1280\" height=\"800\" src=\"https:\/\/game-isb.freeboxos.fr\/wp-content\/uploads\/2025\/09\/sudoers.jpg\" alt=\"\" class=\"wp-image-69\"\/><\/figure>\n\n\n\n<p>J&rsquo;ajoute tous simplement le ligne :<\/p>\n\n\n\n<blockquote class=\"wp-block-quote is-layout-flow wp-block-quote-is-layout-flow\">\n<p>florent ALL=(ALL:ALL) ALL<\/p>\n<\/blockquote>\n\n\n\n<p>juste sous celui de root, je pr\u00e9f\u00e8re devoir rentr\u00e9 le mot de passe personnellement, mais il y a une autre ligne qui faire que le mot de passe n&rsquo;ai plus utile pour install\u00e9 les paquets.<\/p>\n\n\n\n<p>On red\u00e9marre juste apr\u00e8s cela<\/p>\n\n\n\n<figure class=\"wp-block-image size-full\"><img loading=\"lazy\" decoding=\"async\" width=\"1277\" height=\"799\" src=\"https:\/\/game-isb.freeboxos.fr\/wp-content\/uploads\/2025\/09\/TestSUDO.jpg\" alt=\"\" class=\"wp-image-57\"\/><\/figure>\n\n\n\n<p>On v\u00e9rifie que sudo est bien appliqu\u00e9 au compte Florent, tous simplement en v\u00e9rifiant s&rsquo;il y a des mise \u00e0 jour et faire les mises \u00e0 jours, comme installation est juste faire et que j&rsquo;ai juste t\u00e9l\u00e9charg\u00e9 l&rsquo;ISO, le syst\u00e8me est \u00e0 jour.<\/p>\n\n\n\n<h2 class=\"wp-block-heading\">Conclusion<\/h2>\n\n\n\n<p>Ce n&rsquo;ai que le base du syst\u00e8me, ce tr\u00e8s tr\u00e8s l\u00e9ger, sans interface graphique inutile pour un serveur et toutes de suite pr\u00e9s \u00e0 l&rsquo;utilisation de base, comme en faire un serveur sp\u00e9cifique, comme le WordPress pour le quelle il est pr\u00e9vu, mais il y a quelque petit autre chose \u00e0 faire, comme par exemple le pare-feu.<\/p>\n\n\n\n<h2 class=\"wp-block-heading\">Glossaire<\/h2>\n\n\n\n<p>Rufus : logiciel de cr\u00e9ation de cl\u00e9 USB bootable \u00e0 partir d&rsquo;un fichier ISO<\/p>\n\n\n\n<p>Ventoy : logiciel de cr\u00e9ation de cl\u00e9 USB bootable, mais aussi un gestionnaire de fichier ISO, pour une installation au chois du syst\u00e8me d&rsquo;exploitation<\/p>\n\n\n\n<p>PXE : syst\u00e8me de boot par le r\u00e9seau, \u00e0 not\u00e9 que iVentoy est un syst\u00e8me qui utilise la PXE pour faire la m\u00eame chose que Ventoy, mais par le r\u00e9seau.<\/p>\n\n\n\n<p>ISO :  un type de fichier images compress\u00e9 pour \u00eatre grav\u00e9 sur un support physique de type CD, DVD ou Blu-ray<\/p>\n","protected":false},"excerpt":{"rendered":"<p>Pour faire fonctionne mon portfolio, j&rsquo;ai fait une installation en local sur une petit machine pour faire tourn\u00e9 WordPress avec comme OS Debian 13, je vais vous pr\u00e9sent\u00e9 la machine en question et aussi l&rsquo;installation de Debian sur cette machine ( les captures d&rsquo;\u00e9cran sont faite dans une VM sur ma machine principal) La petite<\/p>\n<div class=\"more-link\">\n\t\t\t\t <a href=\"https:\/\/game-isb.freeboxos.fr\/?page_id=33\" class=\"link-btn theme-btn\"><span>Read More <\/span> <i class=\"fa fa-caret-right\"><\/i><\/a>\n\t\t\t<\/div>\n","protected":false},"author":1,"featured_media":0,"parent":0,"menu_order":0,"comment_status":"closed","ping_status":"closed","template":"","meta":{"footnotes":""},"class_list":["post-33","page","type-page","status-publish","hentry"],"_links":{"self":[{"href":"https:\/\/game-isb.freeboxos.fr\/index.php?rest_route=\/wp\/v2\/pages\/33","targetHints":{"allow":["GET"]}}],"collection":[{"href":"https:\/\/game-isb.freeboxos.fr\/index.php?rest_route=\/wp\/v2\/pages"}],"about":[{"href":"https:\/\/game-isb.freeboxos.fr\/index.php?rest_route=\/wp\/v2\/types\/page"}],"author":[{"embeddable":true,"href":"https:\/\/game-isb.freeboxos.fr\/index.php?rest_route=\/wp\/v2\/users\/1"}],"replies":[{"embeddable":true,"href":"https:\/\/game-isb.freeboxos.fr\/index.php?rest_route=%2Fwp%2Fv2%2Fcomments&post=33"}],"version-history":[{"count":2,"href":"https:\/\/game-isb.freeboxos.fr\/index.php?rest_route=\/wp\/v2\/pages\/33\/revisions"}],"predecessor-version":[{"id":70,"href":"https:\/\/game-isb.freeboxos.fr\/index.php?rest_route=\/wp\/v2\/pages\/33\/revisions\/70"}],"wp:attachment":[{"href":"https:\/\/game-isb.freeboxos.fr\/index.php?rest_route=%2Fwp%2Fv2%2Fmedia&parent=33"}],"curies":[{"name":"wp","href":"https:\/\/api.w.org\/{rel}","templated":true}]}}