{"id":2,"date":"2025-09-12T17:21:14","date_gmt":"2025-09-12T15:21:14","guid":{"rendered":"https:\/\/game-isb.freeboxos.fr\/?page_id=2"},"modified":"2026-01-17T10:47:40","modified_gmt":"2026-01-17T09:47:40","slug":"mon-cv","status":"publish","type":"page","link":"https:\/\/game-isb.freeboxos.fr\/","title":{"rendered":"Mon CV"},"content":{"rendered":"\n<h2 class=\"wp-block-heading\">Administrateur syst\u00e8me et r\u00e9seau \/ Windows Server \/ Linux \/ Virtualisation<\/h2>\n\n\n\n<p>Polyvalent et exp\u00e9riment\u00e9, je prends en charge l&rsquo;administration de vos syst\u00e8mes et r\u00e9seaux. Mobile g\u00e9ographiquement dans les hauts de France, je suis imm\u00e9diatement disponible pour rejoindre votre entreprise, 10 ans d&rsquo;exp\u00e9rience dont 7 ans en administration.<\/p>\n\n\n\n<h2 class=\"wp-block-heading\">Exp\u00e9rience Professionnel<\/h2>\n\n\n\n<p>Novembre 2022 (1 mois)<\/p>\n\n\n\n<p>Technicien de d\u00e9ploiement de smartphone pour le soci\u00e9t\u00e9 IRIS Informatique \u00e0 Billy Berclau<\/p>\n\n\n\n<p>Entre Novembre 2020 \u00e0 F\u00e9vrier 2021 (4 mois)<\/p>\n\n\n\n<p>Technicien informatique et de d\u00e9ploiement pour la soci\u00e9t\u00e9 SCC \u00e0 Lille<\/p>\n\n\n\n<ul class=\"wp-block-list\">\n<li>Plusieurs missions\n<ul class=\"wp-block-list\">\n<li>D\u00e9ploiement de poste et de masterisation de postes sur Lille<\/li>\n\n\n\n<li>D\u00e9ploiement, masterisation et mise en fonction des postes sur la c\u00f4te d\u2019Opale<\/li>\n\n\n\n<li>D\u00e9ploiement, sauvegarde, masterisation et remise en main des PC portable \u00e0 la DSI de la r\u00e9gion NORD<\/li>\n<\/ul>\n<\/li>\n<\/ul>\n\n\n\n<p>De 2018 \u00e0 2020 (2 ans)<\/p>\n\n\n\n<p>Technicien et administrateur informatique pour le lyc\u00e9e Professionnel Flora Tristan \u00e0 Lillers<\/p>\n\n\n\n<blockquote class=\"wp-block-quote is-layout-flow wp-block-quote-is-layout-flow\">\n<p>Mission effectu\u00e9<\/p>\n\n\n\n<ul class=\"wp-block-list\">\n<li>Administration du serveur Kwartz<\/li>\n\n\n\n<li>Maintenance des postes de travail<\/li>\n\n\n\n<li>Gestion du parc informatique<\/li>\n\n\n\n<li>Remplacement des anciens postes<\/li>\n\n\n\n<li>Migration de Windows 7 \u00e0 Windows 10<\/li>\n\n\n\n<li>Maintenance des tablettes avec une mise au point de celles-ci en fonctionnement ou non<\/li>\n\n\n\n<li>Remise en \u00e9tait de tablette avec des pi\u00e8ces d&rsquo;autre tablettes<\/li>\n\n\n\n<li>Migration de tous les PC portable<\/li>\n\n\n\n<li>Cr\u00e9ation d&rsquo;une documentation pour la maintenance des tablettes<\/li>\n\n\n\n<li>Remise en \u00e9tat des anciens portable afin qu&rsquo;ils puissent \u00eatre utilis\u00e9 en secours ou en surplus des autres unit\u00e9s <\/li>\n\n\n\n<li>Remise en \u00e9tat d&rsquo;anciens postes de travail pour une donation \u00e0 une \u00e9cole primaire, cette op\u00e9ration a \u00e9t\u00e9 effectu\u00e9e avec un serveur de Virtualisation Proxmox, le projet FOG pour des image de poste et un petit gestionnaire d&rsquo;installation de type WAPT pour une installation et une remise en fonction rapide et s\u00e9par\u00e9 du r\u00e9seau p\u00e9dagogique<\/li>\n<\/ul>\n<\/blockquote>\n\n\n\n<p>De 2012 \u00e0 2017 (5 ans)<\/p>\n\n\n\n<p>Technicien et administrateur informatique pour le lyc\u00e9e agricole de Radinghem Pas de Calais<\/p>\n\n\n\n<blockquote class=\"wp-block-quote is-layout-flow wp-block-quote-is-layout-flow\">\n<p>Mission effectu\u00e9<\/p>\n\n\n\n<ul class=\"wp-block-list\">\n<li>Administration du serveur p\u00e9dagogique (serveur Kwartz)<\/li>\n\n\n\n<li>Administration du serveur Administratif (Windows server 2008)<\/li>\n\n\n\n<li>Mise en fonction des PC Portable et tablette<\/li>\n\n\n\n<li>Migration <\/li>\n<\/ul>\n<\/blockquote>\n\n\n\n<p>De 2009 \u00e0 2010 (1 ans et 6 mois)<\/p>\n\n\n\n<p>Auto-Entreprise de maintenance informatique<\/p>\n\n\n\n<blockquote class=\"wp-block-quote is-layout-flow wp-block-quote-is-layout-flow\">\n<ul class=\"wp-block-list\">\n<li>Assemblage de PC<\/li>\n\n\n\n<li>Installation de Windows<\/li>\n\n\n\n<li>D\u00e9pannage de PC<\/li>\n\n\n\n<li>Installation de postes<\/li>\n\n\n\n<li>Mise \u00e0 jour de poste<\/li>\n\n\n\n<li>Am\u00e9lioration de poste (ajout de RAM, changement de CPU, ajout ou changement de carte graphique)<\/li>\n<\/ul>\n<\/blockquote>\n\n\n\n<p>Entre 2003 \u00e0 2005 (6 mois)<\/p>\n\n\n\n<p>Technicien informatique pour la soci\u00e9t\u00e9 Buro-Flandre \u00e0 Hazebrouck<\/p>\n\n\n\n<blockquote class=\"wp-block-quote is-layout-flow wp-block-quote-is-layout-flow\">\n<p>Mission effectu\u00e9<\/p>\n\n\n\n<ul class=\"wp-block-list\">\n<li>Assemblage de PC<\/li>\n\n\n\n<li>Installation de Windows<\/li>\n\n\n\n<li>D\u00e9pannage de PC<\/li>\n\n\n\n<li>Installation de postes<\/li>\n\n\n\n<li>Mise \u00e0 jour de postes<\/li>\n\n\n\n<li>Am\u00e9lioration de poste (ajout de RAM, changement de CPU, ajout ou changement de carte graphique)<\/li>\n<\/ul>\n<\/blockquote>\n\n\n\n<p>De 2001 \u00e0 2002 (6 mois)<\/p>\n\n\n\n<p>Technicien informatique pour la soci\u00e9t\u00e9 ABC Informatique \u00e0 Loos-en-Gohelle<\/p>\n\n\n\n<blockquote class=\"wp-block-quote is-layout-flow wp-block-quote-is-layout-flow\">\n<p>Mission effectu\u00e9<\/p>\n\n\n\n<ul class=\"wp-block-list\">\n<li>Assemblage de PC<\/li>\n\n\n\n<li>Installation de Windows<\/li>\n\n\n\n<li>D\u00e9pannage de PC<\/li>\n\n\n\n<li>Installation de postes<\/li>\n\n\n\n<li>Mise \u00e0 jour de postes<\/li>\n\n\n\n<li>Am\u00e9lioration de postes (ajout de RAM, changement de CPU, ajout ou changement de carte graphique)<\/li>\n\n\n\n<li>Mise en fonctionnement de postes de travail dans des lyc\u00e9e pour le pupitre du 21\u00e9me si\u00e8cle avec le serveur Kwartz<\/li>\n<\/ul>\n<\/blockquote>\n\n\n\n<h2 class=\"wp-block-heading\">Dipl\u00f4me, Formation et Certification<\/h2>\n\n\n\n<p>Le mois Octobre 2025<\/p>\n\n\n\n<p>Formation DAO\/CAO<\/p>\n\n\n\n<blockquote class=\"wp-block-quote is-layout-flow wp-block-quote-is-layout-flow\">\n<ul class=\"wp-block-list\">\n<li>Formation AutoCAD<\/li>\n\n\n\n<li>Formation SolidWorks<\/li>\n<\/ul>\n<\/blockquote>\n\n\n\n<p>De mai 2023 \u00e0 Ao\u00fbt 2024<\/p>\n\n\n\n<p>Formation ASR-Cloud AZURE<\/p>\n\n\n\n<blockquote class=\"wp-block-quote is-layout-flow wp-block-quote-is-layout-flow\">\n<ul class=\"wp-block-list\">\n<li>Mise en place d&rsquo;une infrastructure sur le Cloud Azure<\/li>\n\n\n\n<li>TP \u00e9quilibrage de charge sous Linux<\/li>\n\n\n\n<li>TP Linux installation et ex\u00e9cution comme serveur<\/li>\n\n\n\n<li>TP pratique avec un serveur local sous VMware\n<ul class=\"wp-block-list\">\n<li>Travail en \u00e9quipe<\/li>\n\n\n\n<li>R\u00e9partition des t\u00e2ches pratique<\/li>\n\n\n\n<li>Gestion des rapports entre membre de l&rsquo;\u00e9quipe<\/li>\n\n\n\n<li>Gestion des ressources \u00e0 disposition<\/li>\n\n\n\n<li>Ex\u00e9cution du travail final pour la pr\u00e9sentation<\/li>\n<\/ul>\n<\/li>\n<\/ul>\n<\/blockquote>\n\n\n\n<p>De juin 2022 \u00e0 Ao\u00fbt 2022<\/p>\n\n\n\n<p>Certification CISCO &#8211; CCNA R\u00e9seau<\/p>\n\n\n\n<blockquote class=\"wp-block-quote is-layout-flow wp-block-quote-is-layout-flow\">\n<ul class=\"wp-block-list\">\n<li>Chapitre 1\n<ul class=\"wp-block-list\">\n<li>Mise en r\u00e9seau (explication des r\u00e9seaux de communication existant)<\/li>\n\n\n\n<li>Configuration Switch (Base de la configuration des Switch CISCO)<\/li>\n\n\n\n<li>Protocoles et mod\u00e8les (les Protocoles utilis\u00e9s pour les r\u00e9seaux informatique et les bases structure de donn\u00e9es pour ce protocole)<\/li>\n\n\n\n<li>Couche physique (Tout ce qui est physique dans la norme ISO, c\u00e2bles, switch, baie de brassage)<\/li>\n\n\n\n<li>Syst\u00e8mes num\u00e9rique (syst\u00e8me Binaire et Hexad\u00e9cimal)<\/li>\n\n\n\n<li>Couche liaison de donn\u00e9es (contr\u00f4le d&rsquo;acc\u00e8s au support (Adresse MAC) et la communication entre r\u00e9seaux)<\/li>\n\n\n\n<li>Commutation Ethernet (Protocole utilis\u00e9 et le fonctionnement de Ethernet)<\/li>\n\n\n\n<li>Couche r\u00e9seau (Les paquets IP v4 et v6, le routage et la table de routage)<\/li>\n\n\n\n<li>R\u00e9solution d&rsquo;adresse (Diff\u00e9rence entre adresse MAC et IP et le ARP pour la correspondance entre l&rsquo;adresse MAC et IP)<\/li>\n\n\n\n<li>Configuration de base de routeur (La base de la redirection d&rsquo;adresse IP et l&rsquo;interconnexion de r\u00e9seaux)<\/li>\n\n\n\n<li>Adressage IPv4 (Calcul de l&rsquo;adressage IPv4)<\/li>\n\n\n\n<li>Adressage IPv6 (Base IPv6)<\/li>\n\n\n\n<li>ICMP (Protocole ICMP, utilis\u00e9 pour le test et le routage de r\u00e9seaux)<\/li>\n\n\n\n<li>Couche de transporte (Couche transporte de ISO)<\/li>\n\n\n\n<li>Couche Application (Couche application ISO avec les nombres utilisation (Peer-to-peer, web, mail))<\/li>\n\n\n\n<li>Fondamentaux de la s\u00e9curit\u00e9 des r\u00e9seaux (Base de la cybers\u00e9curit\u00e9 des r\u00e9seaux informatique)<\/li>\n\n\n\n<li>Construire un petit r\u00e9seau (Mise en place d&rsquo;un r\u00e9seau local et test)<\/li>\n<\/ul>\n<\/li>\n\n\n\n<li>Chapitre 2\n<ul class=\"wp-block-list\">\n<li>Configuration de base p\u00e9riph\u00e9rique (Configurer de base les commutateurs CISCO)<\/li>\n\n\n\n<li>Concept de commutation (Savoir sous quelle forme les donn\u00e9es transitent dans les switchs et Routeurs)<\/li>\n\n\n\n<li>Les VLAN (Partitionnement des Switchs)<\/li>\n\n\n\n<li>Routage inter VLAN (faire transiter des informations entre VLAN avec restriction)<\/li>\n\n\n\n<li>Concepts du protocole STP (Protocole de protection de bouche et redirection)<\/li>\n\n\n\n<li>Etherchannel (agr\u00e9gation de lien, PAgP pour CISCO et\/ou LACP)<\/li>\n\n\n\n<li>DHCP v4 (Configuration du DHCP v4 dans les routeurs ou Switch de couche 3)<\/li>\n\n\n\n<li>SLAAC et DHCP v6 (Configuration du DHCP v6 et SLAAC information)<\/li>\n\n\n\n<li>Concepts du FHRP (Service de passerelle dans les r\u00e9seaux redondant)<\/li>\n\n\n\n<li>Conception de s\u00e9curit\u00e9 LAN (Bonne pratique de s\u00e9curit\u00e9 pour le r\u00e9seau local)<\/li>\n\n\n\n<li>Configuration de la s\u00e9curit\u00e9 du commutateur (Mise en pratique de la s\u00e9curit\u00e9 dans un switch)<\/li>\n\n\n\n<li>Les conceptions de WLAN (Explication du WLAN)<\/li>\n\n\n\n<li>Concept de routage (Comment fonctionne le routage)<\/li>\n\n\n\n<li>Routage statique IP (Configuration du routage en fixe dans un routeur)<\/li>\n\n\n\n<li>D\u00e9pannage de routes statiques et par d\u00e9faut (D\u00e9pannage de probl\u00e8me de routage et r\u00e9solution)<\/li>\n<\/ul>\n<\/li>\n\n\n\n<li>Chapitre 3\n<ul class=\"wp-block-list\">\n<li>Concepts OSPFv2 \u00e0 zone unique (Protocole de routage)<\/li>\n\n\n\n<li>Configuration OSPFv2 \u00e0 zone unique (Mise en pratique)<\/li>\n\n\n\n<li>Concepts de s\u00e9curit\u00e9 des r\u00e9seaux (Explication sur la cybers\u00e9curit\u00e9 et les autre type d&rsquo;attaque (Virus, Malware et autre))<\/li>\n\n\n\n<li>Concepts ACL (Filtrage du trafic sur le r\u00e9seau)<\/li>\n\n\n\n<li>Configuration de liste de contr\u00f4le pour IPv4 (Tableau IP de swtich)<\/li>\n\n\n\n<li>NAT pour IPv4 (Traduction d&rsquo;adresse IP externe et interne)<\/li>\n\n\n\n<li>Concepts WAN (Base du WAN)<\/li>\n\n\n\n<li>Conceptions de VPN et IPsec (Base de l&rsquo;interconnexion de site)<\/li>\n\n\n\n<li>Concepts QoS (La qualit\u00e9 de service)<\/li>\n\n\n\n<li>Gestion du r\u00e9seau (Surveillant du r\u00e9seau, la topologie du r\u00e9seau)<\/li>\n\n\n\n<li>Conception de r\u00e9seau (Le mat\u00e9riel r\u00e9seau pour une entreprise)<\/li>\n\n\n\n<li>D\u00e9pannage du r\u00e9seau (Maintenance pr\u00e9ventive et curative)<\/li>\n\n\n\n<li>Virtualisation r\u00e9seau (Explication du Cloud computing, d&rsquo;infrastructure virtuelle)<\/li>\n<\/ul>\n<\/li>\n<\/ul>\n<\/blockquote>\n\n\n\n<p>De Novembre 2020 \u00e0 Janvier 2022<\/p>\n\n\n\n<p>Administrateur infrastructure et Cloud avec OpenClassrooms Bac+3\/4 reconnu RNCP<\/p>\n\n\n\n<blockquote class=\"wp-block-quote is-layout-flow wp-block-quote-is-layout-flow\">\n<ul class=\"wp-block-list\">\n<li>D\u00e9marrez votre formation d&rsquo;Administrateur Infrastructure et Cloud\n<ul class=\"wp-block-list\">\n<li>Les bases de l&rsquo;administration de syst\u00e8me informatique<\/li>\n<\/ul>\n<\/li>\n\n\n\n<li>Projetez vous dans la peau d&rsquo;un administrateur infrastructure et cloud\n<ul class=\"wp-block-list\">\n<li>Le d\u00e9roulement d&rsquo;une journ\u00e9e d&rsquo;un administrateur<\/li>\n<\/ul>\n<\/li>\n\n\n\n<li>Cr\u00e9ez votre premier r\u00e9seau pour une association\n<ul class=\"wp-block-list\">\n<li>Cr\u00e9er de deux salles informatique pour un association a fond Linux.<\/li>\n\n\n\n<li>Installation de plusieurs poste de travail sous Linux Ubuntu dans des VM et les int\u00e9gr\u00e9 dans un simulateur GNS3<\/li>\n\n\n\n<li>Faire l&rsquo;adressage IP par serveur DHCP configur\u00e9 sous un serveur Linux sous Debian<\/li>\n\n\n\n<li>Script pour le remise \u00e0 les postes via le SSH<\/li>\n<\/ul>\n<\/li>\n\n\n\n<li>Perfectionnez l&rsquo;infrastructure syst\u00e8me et r\u00e9seaux d&rsquo;une grande entreprise en devenir\n<ul class=\"wp-block-list\">\n<li>Mise \u00e0 jour du r\u00e9seau pour l&rsquo;\u00e9volution de l&rsquo;entrepris, de nouveau postes sont livr\u00e9s et doivent \u00eatre mis en fonction<\/li>\n\n\n\n<li>Mise en place de VLAN avec d&rsquo;adresse IP par VLAN<\/li>\n\n\n\n<li>Mise en place d&rsquo;un serveur Proxy<\/li>\n\n\n\n<li>Mise en place d&rsquo;un serveur DHCP et d&rsquo;un pare-feu<\/li>\n\n\n\n<li>Mise en place d&rsquo;une DMZ<\/li>\n\n\n\n<li>Mise en place d&rsquo;un serveur LDAP<\/li>\n\n\n\n<li>Mise en place d&rsquo;un serveur de fichiers<\/li>\n<\/ul>\n<\/li>\n\n\n\n<li>G\u00e9rez les postes de travail de votre entreprise<\/li>\n\n\n\n<li>Participez \u00e0 la vie de la communaut\u00e9 Open Source <\/li>\n\n\n\n<li>Supervisez le SI de votre entreprise<\/li>\n\n\n\n<li>G\u00e9rez une migration vers le cloud<\/li>\n\n\n\n<li>Mettrez en place une solution de sauvegarde<\/li>\n\n\n\n<li>Ma\u00eetriser votre infrastructure cloud<\/li>\n\n\n\n<li>Cr\u00e9ez et pr\u00e9sentez votre CV pour un entretien<\/li>\n\n\n\n<li>G\u00e9rez les demandes au quotidien<\/li>\n\n\n\n<li>R\u00e9alisez un stage ou un audit de s\u00e9curit\u00e9 pour un client<\/li>\n\n\n\n<li>Pilotez un projet<\/li>\n<\/ul>\n<\/blockquote>\n\n\n\n<p>De Septembre 2019 \u00e0 Avril 2020<\/p>\n\n\n\n<p>Technicien Informatique avec OpenClassrooms BAC+2 reconnu RNCP<\/p>\n\n\n\n<p>D&rsquo;Ao\u00fbt 1999 \u00e0 Juin 2001<\/p>\n\n\n\n<p>Bac Pro Maintenance des r\u00e9seaux bureautique et t\u00e9l\u00e9matique<\/p>\n\n\n\n<h2 class=\"wp-block-heading\">Centre d\u2019int\u00e9r\u00eat<\/h2>\n\n\n\n<ul class=\"wp-block-list\">\n<li>Informatique<\/li>\n\n\n\n<li>V\u00e9hicules Anciens<\/li>\n\n\n\n<li>Jeux vid\u00e9o<\/li>\n\n\n\n<li>Manga<\/li>\n\n\n\n<li>Films \/ S\u00e9ries anim\u00e9es<\/li>\n<\/ul>\n","protected":false},"excerpt":{"rendered":"<p>Administrateur syst\u00e8me et r\u00e9seau \/ Windows Server \/ Linux \/ Virtualisation Polyvalent et exp\u00e9riment\u00e9, je prends en charge l&rsquo;administration de vos syst\u00e8mes et r\u00e9seaux. Mobile g\u00e9ographiquement dans les hauts de France, je suis imm\u00e9diatement disponible pour rejoindre votre entreprise, 10 ans d&rsquo;exp\u00e9rience dont 7 ans en administration. Exp\u00e9rience Professionnel Novembre 2022 (1 mois) Technicien de<\/p>\n<div class=\"more-link\">\n\t\t\t\t <a href=\"https:\/\/game-isb.freeboxos.fr\/\" class=\"link-btn theme-btn\"><span>Read More <\/span> <i class=\"fa fa-caret-right\"><\/i><\/a>\n\t\t\t<\/div>\n","protected":false},"author":1,"featured_media":0,"parent":0,"menu_order":0,"comment_status":"closed","ping_status":"closed","template":"","meta":{"footnotes":""},"class_list":["post-2","page","type-page","status-publish","hentry"],"_links":{"self":[{"href":"https:\/\/game-isb.freeboxos.fr\/index.php?rest_route=\/wp\/v2\/pages\/2","targetHints":{"allow":["GET"]}}],"collection":[{"href":"https:\/\/game-isb.freeboxos.fr\/index.php?rest_route=\/wp\/v2\/pages"}],"about":[{"href":"https:\/\/game-isb.freeboxos.fr\/index.php?rest_route=\/wp\/v2\/types\/page"}],"author":[{"embeddable":true,"href":"https:\/\/game-isb.freeboxos.fr\/index.php?rest_route=\/wp\/v2\/users\/1"}],"replies":[{"embeddable":true,"href":"https:\/\/game-isb.freeboxos.fr\/index.php?rest_route=%2Fwp%2Fv2%2Fcomments&post=2"}],"version-history":[{"count":22,"href":"https:\/\/game-isb.freeboxos.fr\/index.php?rest_route=\/wp\/v2\/pages\/2\/revisions"}],"predecessor-version":[{"id":89,"href":"https:\/\/game-isb.freeboxos.fr\/index.php?rest_route=\/wp\/v2\/pages\/2\/revisions\/89"}],"wp:attachment":[{"href":"https:\/\/game-isb.freeboxos.fr\/index.php?rest_route=%2Fwp%2Fv2%2Fmedia&parent=2"}],"curies":[{"name":"wp","href":"https:\/\/api.w.org\/{rel}","templated":true}]}}